e units digit of z?
4
Suppose -3*j - 462 = -3*p, 2*p + 2*j - 322 = -3*j. What is the units digit of p/15 + 4/(-10)?
0
Let y(l) = 4 - l - 3 - 3*l. Let q be y(-2). Let d = q + -5. What is the units digit of d?
4
Suppose -5*u - 4*t = 19, -u - t + 2 = -2*u. What is the units digit of (-46)/(-3)*u/(-2)?
3
Let o(q) = q**2. Let s = -11 - -9. What is the units digit of o(s)?
4
Let h be 9/(-3)*(-4 + -3). Let v = 62 - h. What is the tens digit of v?
4
Let t = 67 + 7. What is the tens digit of t?
7
Suppose -r + 5 - 1 = 0. What is the units digit of r?
4
Let q(y) = y**2 + 2. Let d(r) = -r. Let h(s) = 4*d(s) - q(s). What is the units digit of h(-3)?
1
Let d be 4119/33 + (-2)/(-11). Suppose 0 = -5*w - 0*w + d. What is the tens digit of w?
2
Let j be -1 - -1 - (-6 - -1). Suppose -13 - 7 = -4*h, -j*a = 3*h - 170. What is the units digit of a?
1
Let s be 27/(-9) - 2*-4. Let x = 6 - s. What is the units digit of x?
1
Suppose -2*w = -4*w. What is the units digit of w - 7/(21/(-6))?
2
Let z(j) = -j**3 - 5*j**2 + 7*j + 9. Let o be z(-6). Let d = -1 + o. Suppose -d - 6 = -2*x. What is the units digit of x?
4
Suppose -255 + 920 = 5*h. What is the tens digit of h?
3
Let c = -4 - -26. What is the units digit of c?
2
Let f = 42 - -167. What is the tens digit of f?
0
Let u(n) be the first derivative of n**3/3 - 2*n**2 - 8*n + 1. Let k be u(6). Suppose k*l - 30 = -l. What is the units digit of l?
6
Suppose -5*h - 2*z = -6*h + 320, -h = 5*z - 292. What is the hundreds digit of h?
3
Suppose -5*j + 4*t = 18, 1 = 4*j + t + 7. Let n(c) = c + 5. What is the units digit of n(j)?
3
Let d be 2/(-5) + 57/5. Suppose -d = 5*p - 71. What is the tens digit of p?
1
Suppose -2*y - 25 = 3. Let i be (-99)/(-21) + (-4)/y. Let z = 13 - i. What is the units digit of z?
8
Let r be (2/(-4))/(5/210). Let y be (-1)/(18/r + 1). What is the units digit of (0 - y/2)*2?
7
Suppose -9 - 1 = -5*k, k + 10 = 2*g. Suppose 0 = 5*s - 2*i - g - 7, s - 5 = -2*i. Suppose -b = 2*x - 24, -x + s*b - 3 = -1. What is the tens digit of x?
1
Let y = 142 - 77. Suppose -l = -6*l + y. What is the tens digit of l?
1
Let o(z) = -z**2 + 7*z + 2. Suppose 2*f = -2*j + 6*f + 22, 5*j - 4*f = 43. Let q be o(j). Suppose 0 = q*h - 8 + 2. What is the units digit of h?
3
Let j = 132 - 49. What is the units digit of j?
3
Let d(w) = -w**3 - 10*w**2 - 8*w + 13. Let j be d(-9). Suppose -6 = -2*b + j*m, 0 = -b - 0*b + 5*m. What is the units digit of b?
5
Suppose 113 = 3*p + 2*f, -8 = -f - f. Let t = p + -17. What is the units digit of t?
8
Suppose -10*c - 37 = -1417. What is the hundreds digit of c?
1
Let y(w) = w**2 - w + 2. Let v be y(2). Suppose 5*g = 4*z + 10, v*g - 22 = -2*z + 12. What is the units digit of g?
6
Let c = 7 - 5. Let k(n) = -3*n + 2*n - 2*n**2 + 4*n**2. What is the units digit of k(c)?
6
Suppose -x = 2*x + 3. Let a(h) = 54*h**2 - h. What is the tens digit of a(x)?
5
Let u(h) = 11*h - 16. What is the tens digit of u(8)?
7
Suppose -4*m = m. Let h = 8 - m. What is the units digit of h?
8
Suppose 11 = c + s, 2*c - 3*s + 18 - 55 = 0. Suppose 0 = -4*m + 6*m + c. Let h = m + 10. What is the units digit of h?
3
Let l be (-6)/(-8) - 1/(-4). Let t be 1 - 1 - (2 + -2). Suppose -5*z - l + 11 = t. What is the units digit of z?
2
Suppose 4*r - 15 = 9. Let k = 11 - r. What is the units digit of k?
5
Suppose -d - 3*d = 28. Let v = d + 49. What is the tens digit of v?
4
Suppose 4*o + l - 102 = 3*l, o - 5*l = 39. Suppose -5*h - g + 63 = 0, -3*h - 3*g = -7*g - o. What is the units digit of h?
2
Let u(i) = -i**3 - 4*i**2 + 4*i. Let k be u(-5). Let c(q) = 0*q - 2*q**3 + 3*q**3 - 4*q - 4*q**2. What is the units digit of c(k)?
5
Let h(a) = a**3 + 9*a**2 + 5*a - 2. Let x(u) = u**3 + 11*u**2 + 12*u + 12. Let q be x(-10). What is the units digit of h(q)?
2
Let k(s) = -s**2 - 7*s + 5. Let v be k(-7). Suppose 5*c - 235 = -5*w, c - v*w - 4 = 61. What is the tens digit of c?
5
What is the units digit of -4 - 20/4*-3?
1
Suppose -102 = -2*x + 22. What is the units digit of x?
2
Let y(b) = 6*b**2 - b + 1. Let n be y(1). Let g(s) = s**3 - 10*s**2 - 2*s + 4. Let t(d) = -d**2. Let h(k) = -g(k) + 4*t(k). What is the units digit of h(n)?
8
Suppose -b + 2 = 1, -196 = -4*z - 4*b. What is the tens digit of z?
4
Suppose -2*v - 22 = -5*p - 3*v, 5*v + 10 = -p. What is the units digit of p?
5
Suppose -160 = -2*s + 2*h - 0*h, 0 = -5*s + 4*h + 398. What is the tens digit of s?
7
Let i(s) = s - 12. Let z be i(10). Let y be (2 - 2)/(z/(-2)). Suppose y*d = 2*p + 3*d - 13, -4*p = 2*d - 22. What is the units digit of p?
5
Let s(j) = -49*j + 2. Let r be s(-4). What is the units digit of ((-2)/6)/((-3)/r)?
2
Suppose -18 = s + 3. Let m = s + 31. What is the tens digit of m?
1
Let n(u) = 0*u + 5 - 9 + u + 6. What is the units digit of n(12)?
4
Suppose 10*m = 584 - 174. What is the units digit of m?
1
What is the tens digit of -3 + -6*(-152)/12?
7
Suppose 3*k = -5*f + 84, 2*f = -5*k + 4*f + 109. Suppose -r + k + 31 = 0. What is the tens digit of r?
5
Suppose 4*v - 8 = -0*v. Suppose t = -v + 3. What is the units digit of t?
1
Suppose -3 = -0*j - j. Suppose j*f - 14 = -4*h, 25 + 8 = -4*f + 5*h. What is the units digit of ((-1)/f)/((-5)/(-60))?
6
Let d(p) = -14*p**3 + 1. Let l be d(-1). Let c = l - -4. Suppose 3*i = 5*x + c, -i + 0*i + x = -5. What is the units digit of i?
3
Suppose 3*y - j - 55 = 0, -j = -2*y - 6 + 44. Let c = -31 + y. What is the units digit of (-5)/(-20) - c/8?
2
Let t = 126 - 87. What is the tens digit of t?
3
Let j = -40 - -70. Suppose 4*r + r = -j. What is the units digit of (16/r)/(4/(-12))?
8
Let f(q) be the second derivative of q**5/20 + 5*q**4/12 + 5*q**3/6 + 3*q**2/2 + 3*q. Let o be f(-4). What is the units digit of 11 - (-2 - (o - 1))?
1
What is the units digit of (-714)/(-28)*20/6?
5
Suppose 0 = 5*k - 5*z - 205, 0*k = 5*k + 2*z - 205. Let r = 60 - k. What is the tens digit of r?
1
Suppose 92 + 13 = g. What is the tens digit of g?
0
Suppose -t - 13 = -3*k + 42, -k - 3*t = -35. What is the units digit of k?
0
Suppose 0 = -4*z + 133 - 9. What is the tens digit of z?
3
Suppose -6 = -w - 6*h + 5*h, 5*w - 3*h - 54 = 0. What is the units digit of w?
9
Let g be 7 + 2 - (-1 + -2). Suppose 4*n - 4*z = g, n - z + 2 = -5*z. Suppose n*q = 3*q - 2. What is the units digit of q?
2
Let c = -7 + 9. What is the units digit of 225/(-6)*c/(-3)?
5
Suppose 0 = n + 3*o - o + 2, -2*n - o = -11. Suppose -k + n = -19. Suppose -3*z + 12 = -k. What is the tens digit of z?
1
Let b(n) = -14*n - 7*n + 8*n. What is the tens digit of b(-1)?
1
Let l(b) = -b**2 - 2*b - 1. Let f(t) be the third derivative of t**5/60 + t**4/12 - 2*t**2. Let m(h) = -2*f(h) - 3*l(h). What is the units digit of m(-3)?
6
Let o(k) = 8*k + 1. Let x be o(-2). Let s = x + 26. Suppose 3*j - 3*i - 1 = 2*i, -i = 5*j - s. What is the units digit of j?
2
Let b be -10*3/(9/6). Let d be 2/8 - 95/b. Suppose -2 = -j - 4*h + 4, d*h = 4*j - 45. What is the tens digit of j?
1
Suppose 6*s - 20 - 52 = 0. What is the units digit of s?
2
Let t = -1 - 0. Suppose -7 + 1 = 2*d. What is the units digit of -3 - d - (t - 0)?
1
Suppose 0 = 2*a - q - 17, 3*a + 4*q = -0*a + 31. Let z be a/9*(0 - -4). What is the units digit of ((-5)/z)/((-2)/16)?
0
Let z(p) = -p**3 - 8*p**2 + 7. Let s be z(-8). Suppose a - s = -0. Suppose -3*g = -2*g - a. What is the units digit of g?
7
Let q = -5 + 0. Let a = q + 5. Let r = 4 - a. What is the units digit of r?
4
Let o be 6*(-3)/((-12)/(-14)). What is the units digit of ((-2)/(-6))/((-1)/o)?
7
Let s(w) = 5*w**2 + 4*w + 1. What is the tens digit of s(3)?
5
Let g = -59 - -84. What is the tens digit of g?
2
What is the tens digit of (70 - -6)/(4/18) + -1?
4
Suppose -5*j + 224 - 59 = 0. What is the units digit of j?
3
Let d(s) = s**3 + 6*s**2 - 6*s + 9. Let x be d(-7). Let i(n) = 4*n**2 + n. Let a be i(x). What is the tens digit of (-2)/(-1*3/a)?
1
What is the units digit of 1/2 - (244/8)/(-1)?
1
Suppose n = -n + 8, -2*d + 12 = n. What is the units digit of d?
4
Let p be 4/26 - 206/(-13). Let t = p - 5. What is the units digit of t - ((-2)/(-2) - 2)?
2
Suppose -3 = 4*r - 19. Suppose -5*f = 2*t - r*t, -5*t = 0. Suppose f*k = k - 22. What is the units digit of k?
2
Suppose 1 + 0 = w, 2*r + 2*w = 12. Let s(o) = -1 + 2*o + 5*o - 5 - o**2. What is the units digit of s(r)?
4
Suppose -11 + 59 = 4*q. Let n